{"id":3406,"date":"2023-10-13T10:56:47","date_gmt":"2023-10-13T18:56:47","guid":{"rendered":"http:\/\/localhost\/pe_ico\/?page_id=3406"},"modified":"2024-06-11T14:42:39","modified_gmt":"2024-06-11T22:42:39","slug":"noticias-facultad","status":"publish","type":"page","link":"https:\/\/ingenieriamxl.uabc.dev\/pelsc\/noticias-facultad\/","title":{"rendered":"Noticias Facultad"},"content":{"rendered":"\t\t<div data-elementor-type=\"wp-page\" data-elementor-id=\"3406\" class=\"elementor elementor-3406\">\n\t\t\t\t<div class=\"elementor-element elementor-element-a32812a e-con-full e-flex e-con e-parent\" data-id=\"a32812a\" data-element_type=\"container\" data-e-type=\"container\">\n\t\t<div class=\"elementor-element elementor-element-d700dbe e-con-full e-flex e-con e-child\" data-id=\"d700dbe\" data-element_type=\"container\" data-e-type=\"container\">\n\t\t<div class=\"elementor-element elementor-element-7f8a134 e-con-full e-flex e-con e-child\" data-id=\"7f8a134\" data-element_type=\"container\" data-e-type=\"container\" data-settings=\"{&quot;background_background&quot;:&quot;classic&quot;}\">\n\t\t\t\t<div class=\"elementor-element elementor-element-7e30e08 elementor-widget elementor-widget-heading\" data-id=\"7e30e08\" data-element_type=\"widget\" data-e-type=\"widget\" data-widget_type=\"heading.default\">\n\t\t\t\t<div class=\"elementor-widget-container\">\n\t\t\t\t\t<h1 class=\"elementor-heading-title elementor-size-default\">Noticias de la Facultad de Ingenier\u00eda<\/h1>\t\t\t\t<\/div>\n\t\t\t\t<\/div>\n\t\t\t\t<div class=\"elementor-element elementor-element-66d7613 elementor-widget-divider--view-line elementor-widget elementor-widget-divider\" data-id=\"66d7613\" data-element_type=\"widget\" data-e-type=\"widget\" data-widget_type=\"divider.default\">\n\t\t\t\t<div class=\"elementor-widget-container\">\n\t\t\t\t\t\t\t<div class=\"elementor-divider\">\n\t\t\t<span class=\"elementor-divider-separator\">\n\t\t\t\t\t\t<\/span>\n\t\t<\/div>\n\t\t\t\t\t\t<\/div>\n\t\t\t\t<\/div>\n\t\t\t\t<div class=\"elementor-element elementor-element-87700ac elementor-widget elementor-widget-eael-facebook-feed\" data-id=\"87700ac\" data-element_type=\"widget\" data-e-type=\"widget\" data-widget_type=\"eael-facebook-feed.default\">\n\t\t\t\t<div class=\"elementor-widget-container\">\n\t\t\t\t\t        <div class=\"eael-facebook-feed eael-col-4 eael-facebook-feed-card\" id=\"eael-facebook-feed-87700ac\">\n            <div class=\"eael-facebook-feed-item\">\n                    <div class=\"eael-facebook-feed-item-inner\">\n                        <header class=\"eael-facebook-feed-item-header clearfix\">\n                            <div class=\"eael-facebook-feed-item-user clearfix\">\n                                <a href=\"https:\/\/www.facebook.com\/422553107793433\" target=\"_blank\"><img decoding=\"async\" src=\"https:\/\/graph.facebook.com\/v4.0\/422553107793433\/picture\" alt=\"Facultad de Ingenier\u00eda UABC Mexicali\" class=\"eael-facebook-feed-avatar\"><\/a>\n                                <a href=\"https:\/\/www.facebook.com\/422553107793433\" target=\"_blank\"><p class=\"eael-facebook-feed-username\">Facultad de Ingenier\u00eda UABC Mexicali<\/p><\/a>\n                            <\/div><a href=\"https:\/\/www.facebook.com\/848774130376702\/posts\/1484720560115386\" target=\"_blank\" class=\"eael-facebook-feed-post-time\"><i class=\"far fa-clock\" aria-hidden=\"true\"><\/i> mayo 14, 2026<\/a><\/header><div class=\"eael-facebook-feed-item-content\">\n                                        <p class=\"eael-facebook-feed-message\"> \ud83c\udfb6 Integrantes de la Rondalla de Ingenier\u00eda de la Universidad Aut\u00f3noma de Baja California sostuvieron una reuni\u00f3n con la directora...<\/p>\n                                    <\/div><div class=\"eael-facebook-feed-preview-wrap\"><a href=\"https:\/\/www.facebook.com\/848774130376702\/posts\/1484720560115386\" target=\"_blank\" class=\"eael-facebook-feed-preview-img\">\n\t                                                <div class=\"eael-facebook-feed-img-container\" style=\"background:url(https:\/\/scontent-bos5-1.xx.fbcdn.net\/v\/t39.30808-6\/700431038_1484719173448858_4921891192595634752_n.jpg?stp=dst-jpg_s960x960_tt6&#038;_nc_cat=103&#038;ccb=1-7&#038;_nc_sid=127cfc&#038;_nc_ohc=Y4VtKtIgD0gQ7kNvwHfBRcn&#038;_nc_oc=AdrB_oQYGSceNJNeizdrF-rqFbthZBXARq-9gluY4EbeCZTHT3AEddjH2PN9TlLy-scUuWNLiZ4b4jxR7vyckVUj&#038;_nc_zt=23&#038;_nc_ht=scontent-bos5-1.xx&#038;edm=AKIiGfEEAAAA&#038;_nc_gid=D6M8-NDSnrl7sdk31Ls2kg&#038;_nc_tpa=Q5bMBQEX_S6eV170YvlXkbeBN3926pYHsA-7kHYfo-gyHwIQ7ZJ3LbdyXugebjUUORtly9mcu5trYO5R&#038;oh=00_Af4QR26pnC9xlPwS_f9D9zfZrGM1Ps1aRtw3INbvLMJTTw&#038;oe=6A0C9749); background-size: 100% 100%;background-repeat: no-repeat;\">\n\t                                                    <img decoding=\"async\" class=\"eael-facebook-feed-img\" src=\"https:\/\/scontent-bos5-1.xx.fbcdn.net\/v\/t39.30808-6\/700431038_1484719173448858_4921891192595634752_n.jpg?stp=dst-jpg_s960x960_tt6&#038;_nc_cat=103&#038;ccb=1-7&#038;_nc_sid=127cfc&#038;_nc_ohc=Y4VtKtIgD0gQ7kNvwHfBRcn&#038;_nc_oc=AdrB_oQYGSceNJNeizdrF-rqFbthZBXARq-9gluY4EbeCZTHT3AEddjH2PN9TlLy-scUuWNLiZ4b4jxR7vyckVUj&#038;_nc_zt=23&#038;_nc_ht=scontent-bos5-1.xx&#038;edm=AKIiGfEEAAAA&#038;_nc_gid=D6M8-NDSnrl7sdk31Ls2kg&#038;_nc_tpa=Q5bMBQEX_S6eV170YvlXkbeBN3926pYHsA-7kHYfo-gyHwIQ7ZJ3LbdyXugebjUUORtly9mcu5trYO5R&#038;oh=00_Af4QR26pnC9xlPwS_f9D9zfZrGM1Ps1aRtw3INbvLMJTTw&#038;oe=6A0C9749\">\n\t                                                <\/div>\n\t                                            <\/a><\/div><footer class=\"eael-facebook-feed-item-footer\">\n                                <div class=\"clearfix\"><span class=\"eael-facebook-feed-post-likes\"><i class=\"far fa-thumbs-up\" aria-hidden=\"true\"><\/i> 18<\/span><span class=\"eael-facebook-feed-post-comments\"><i class=\"far fa-comments\" aria-hidden=\"true\"><\/i> 0<\/span><\/div>\n                            <\/footer><\/div>\n                <\/div><div class=\"eael-facebook-feed-item\">\n                    <div class=\"eael-facebook-feed-item-inner\">\n                        <header class=\"eael-facebook-feed-item-header clearfix\">\n                            <div class=\"eael-facebook-feed-item-user clearfix\">\n                                <a href=\"https:\/\/www.facebook.com\/422553107793433\" target=\"_blank\"><img decoding=\"async\" src=\"https:\/\/graph.facebook.com\/v4.0\/422553107793433\/picture\" alt=\"Facultad de Ingenier\u00eda UABC Mexicali\" class=\"eael-facebook-feed-avatar\"><\/a>\n                                <a href=\"https:\/\/www.facebook.com\/422553107793433\" target=\"_blank\"><p class=\"eael-facebook-feed-username\">Facultad de Ingenier\u00eda UABC Mexicali<\/p><\/a>\n                            <\/div><a href=\"https:\/\/www.facebook.com\/848774130376702\/posts\/1484714433449332\" target=\"_blank\" class=\"eael-facebook-feed-post-time\"><i class=\"far fa-clock\" aria-hidden=\"true\"><\/i> mayo 14, 2026<\/a><\/header><div class=\"eael-facebook-feed-item-content\">\n                                        <p class=\"eael-facebook-feed-message\"> \ud83c\udf93\u2728 Felicitamos a las y los egresados de la XXVI Generaci\u00f3n de Bioingenier\u00eda por culminar esta importante etapa acad\u00e9mica. Les...<\/p>\n                                    <\/div><div class=\"eael-facebook-feed-preview-wrap\"><a href=\"https:\/\/www.facebook.com\/848774130376702\/posts\/1484714433449332\" target=\"_blank\" class=\"eael-facebook-feed-preview-img\">\n\t                                                <div class=\"eael-facebook-feed-img-container\" style=\"background:url(); background-size: 100% 100%;background-repeat: no-repeat;\">\n\t                                                    <img decoding=\"async\" class=\"eael-facebook-feed-img\" src=\"\">\n\t                                                <\/div>\n\t                                            <\/a><\/div><footer class=\"eael-facebook-feed-item-footer\">\n                                <div class=\"clearfix\"><span class=\"eael-facebook-feed-post-likes\"><i class=\"far fa-thumbs-up\" aria-hidden=\"true\"><\/i> 11<\/span><span class=\"eael-facebook-feed-post-comments\"><i class=\"far fa-comments\" aria-hidden=\"true\"><\/i> 0<\/span><\/div>\n                            <\/footer><\/div>\n                <\/div><div class=\"eael-facebook-feed-item\">\n                    <div class=\"eael-facebook-feed-item-inner\">\n                        <header class=\"eael-facebook-feed-item-header clearfix\">\n                            <div class=\"eael-facebook-feed-item-user clearfix\">\n                                <a href=\"https:\/\/www.facebook.com\/422553107793433\" target=\"_blank\"><img decoding=\"async\" src=\"https:\/\/graph.facebook.com\/v4.0\/422553107793433\/picture\" alt=\"Facultad de Ingenier\u00eda UABC Mexicali\" class=\"eael-facebook-feed-avatar\"><\/a>\n                                <a href=\"https:\/\/www.facebook.com\/422553107793433\" target=\"_blank\"><p class=\"eael-facebook-feed-username\">Facultad de Ingenier\u00eda UABC Mexicali<\/p><\/a>\n                            <\/div><a href=\"https:\/\/www.facebook.com\/reel\/1787683622208640\/\" target=\"_blank\" class=\"eael-facebook-feed-post-time\"><i class=\"far fa-clock\" aria-hidden=\"true\"><\/i> mayo 14, 2026<\/a><\/header><div class=\"eael-facebook-feed-item-content\">\n                                        <p class=\"eael-facebook-feed-message\"> Te compartimos este video informativo sobre la ubicaci\u00f3n de los Desfibriladores Externos Autom\u00e1ticos (DAE) dentro de la Facultad de Ingenier\u00eda...<\/p>\n                                    <\/div><div class=\"eael-facebook-feed-preview-wrap\"><a href=\"https:\/\/www.facebook.com\/reel\/1787683622208640\/\" target=\"_blank\" class=\"eael-facebook-feed-preview-img\">\n\t                                                <div class=\"eael-facebook-feed-img-container\" style=\"background:url(https:\/\/scontent-bos5-1.xx.fbcdn.net\/v\/t15.5256-10\/699241327_1004187612314513_8559554223884509657_n.jpg?stp=dst-jpg_s720x720_tt6&#038;_nc_cat=106&#038;ccb=1-7&#038;_nc_sid=5fad0e&#038;_nc_ohc=p7ymmFBsBGoQ7kNvwFP5rty&#038;_nc_oc=Adorhzm9ioAh0KDZwypYmgHceHw18dF24VaYewh1DYg-LCjvMOuNBKDkLbP1Q2EHhekDX_CzyKhIFBGfiFo624wR&#038;_nc_zt=23&#038;_nc_ht=scontent-bos5-1.xx&#038;edm=AKIiGfEEAAAA&#038;_nc_gid=D6M8-NDSnrl7sdk31Ls2kg&#038;_nc_tpa=Q5bMBQGKe1IkamvocqWX0n5FG5JFVawiotq2daC3TzbdyM81ZMpoEAqTrHs-oQvwGsRdkwuI6VlODNP-&#038;oh=00_Af4l_bdBxzMh2EFBIrMd2tYcQK54CuiH9qUK4eyt0Bn3EA&#038;oe=6A0CCA62); background-size: 100% 100%;background-repeat: no-repeat;\">\n\t                                                    <img decoding=\"async\" class=\"eael-facebook-feed-img\" src=\"https:\/\/scontent-bos5-1.xx.fbcdn.net\/v\/t15.5256-10\/699241327_1004187612314513_8559554223884509657_n.jpg?stp=dst-jpg_s720x720_tt6&#038;_nc_cat=106&#038;ccb=1-7&#038;_nc_sid=5fad0e&#038;_nc_ohc=p7ymmFBsBGoQ7kNvwFP5rty&#038;_nc_oc=Adorhzm9ioAh0KDZwypYmgHceHw18dF24VaYewh1DYg-LCjvMOuNBKDkLbP1Q2EHhekDX_CzyKhIFBGfiFo624wR&#038;_nc_zt=23&#038;_nc_ht=scontent-bos5-1.xx&#038;edm=AKIiGfEEAAAA&#038;_nc_gid=D6M8-NDSnrl7sdk31Ls2kg&#038;_nc_tpa=Q5bMBQGKe1IkamvocqWX0n5FG5JFVawiotq2daC3TzbdyM81ZMpoEAqTrHs-oQvwGsRdkwuI6VlODNP-&#038;oh=00_Af4l_bdBxzMh2EFBIrMd2tYcQK54CuiH9qUK4eyt0Bn3EA&#038;oe=6A0CCA62\">\n\t                                                <\/div>\n\t                                                <div class=\"eael-facebook-feed-preview-overlay\"><i class=\"far fa-play-circle\" aria-hidden=\"true\"><\/i><\/div>\n\t                                            <\/a><\/div><footer class=\"eael-facebook-feed-item-footer\">\n                                <div class=\"clearfix\"><span class=\"eael-facebook-feed-post-likes\"><i class=\"far fa-thumbs-up\" aria-hidden=\"true\"><\/i> 6<\/span><span class=\"eael-facebook-feed-post-comments\"><i class=\"far fa-comments\" aria-hidden=\"true\"><\/i> 0<\/span><\/div>\n                            <\/footer><\/div>\n                <\/div><div class=\"eael-facebook-feed-item\">\n                    <div class=\"eael-facebook-feed-item-inner\">\n                        <header class=\"eael-facebook-feed-item-header clearfix\">\n                            <div class=\"eael-facebook-feed-item-user clearfix\">\n                                <a href=\"https:\/\/www.facebook.com\/422553107793433\" target=\"_blank\"><img decoding=\"async\" src=\"https:\/\/graph.facebook.com\/v4.0\/422553107793433\/picture\" alt=\"Facultad de Ingenier\u00eda UABC Mexicali\" class=\"eael-facebook-feed-avatar\"><\/a>\n                                <a href=\"https:\/\/www.facebook.com\/422553107793433\" target=\"_blank\"><p class=\"eael-facebook-feed-username\">Facultad de Ingenier\u00eda UABC Mexicali<\/p><\/a>\n                            <\/div><a href=\"https:\/\/www.facebook.com\/848774130376702\/posts\/1484554533465322\" target=\"_blank\" class=\"eael-facebook-feed-post-time\"><i class=\"far fa-clock\" aria-hidden=\"true\"><\/i> mayo 14, 2026<\/a><\/header><div class=\"eael-facebook-feed-item-content\">\n                                        <p class=\"eael-facebook-feed-message\"> \ud83c\udf93\u2728 Felicitamos a las y los egresados de la XLIX Generaci\u00f3n de Ingenier\u00eda Industrial por este gran logro acad\u00e9mico. Les...<\/p>\n                                    <\/div><div class=\"eael-facebook-feed-preview-wrap\"><a href=\"https:\/\/www.facebook.com\/848774130376702\/posts\/1484554533465322\" target=\"_blank\" class=\"eael-facebook-feed-preview-img\">\n\t                                                <div class=\"eael-facebook-feed-img-container\" style=\"background:url(); background-size: 100% 100%;background-repeat: no-repeat;\">\n\t                                                    <img decoding=\"async\" class=\"eael-facebook-feed-img\" src=\"\">\n\t                                                <\/div>\n\t                                            <\/a><\/div><footer class=\"eael-facebook-feed-item-footer\">\n                                <div class=\"clearfix\"><span class=\"eael-facebook-feed-post-likes\"><i class=\"far fa-thumbs-up\" aria-hidden=\"true\"><\/i> 3<\/span><span class=\"eael-facebook-feed-post-comments\"><i class=\"far fa-comments\" aria-hidden=\"true\"><\/i> 0<\/span><\/div>\n                            <\/footer><\/div>\n                <\/div>        <\/div>\n        <div class=\"clearfix\"><\/div>\n                    <div class=\"eael-load-more-button-wrap\">\n                <button class=\"eael-load-more-button\" id=\"eael-load-more-btn-87700ac\" data-widget-id=\"87700ac\" data-post-id=\"3406\" data-page=\"1\">\n                    <span class=\"eael-btn-loader button__loader\"><\/span>\n                    <span class=\"eael_fb_load_more_text\">Mostrar m\u00e1s Noticias<\/span>\n                <\/button>\n            <\/div>\n            \t\t\t\t<\/div>\n\t\t\t\t<\/div>\n\t\t\t\t<div class=\"elementor-element elementor-element-13e981a elementor-widget elementor-widget-eael-creative-button\" data-id=\"13e981a\" data-element_type=\"widget\" data-e-type=\"widget\" data-widget_type=\"eael-creative-button.default\">\n\t\t\t\t<div class=\"elementor-widget-container\">\n\t\t\t\t\t        <div class=\"eael-creative-button-wrapper\">\n\n            <a class=\"eael-creative-button eael-creative-button--rayen eael-cb-icon-position-right\" href=\"https:\/\/www.facebook.com\/fimuabc\" target=\"_blank\" data-text=\"Ir al sitio!\">\n            \t    \n                <div class=\"creative-button-inner\">\n\n                    \n                    <span class=\"cretive-button-text\">Visita el Sitio Oficial<\/span>\n\n                                            <span class=\"eael-creative-button-icon-right\"><i aria-hidden=\"true\" class=\"fab fa-facebook\"><\/i><\/span>                                    <\/div>\n\t                        <\/a>\n        <\/div>\n        \t\t\t\t<\/div>\n\t\t\t\t<\/div>\n\t\t\t\t<\/div>\n\t\t\t\t<\/div>\n\t\t<div class=\"elementor-element elementor-element-7f413a1 e-con-full e-flex e-con e-child\" data-id=\"7f413a1\" data-element_type=\"container\" data-e-type=\"container\">\n\t\t<div class=\"elementor-element elementor-element-0f972e2 e-con-full e-flex e-con e-child\" data-id=\"0f972e2\" data-element_type=\"container\" data-e-type=\"container\" data-settings=\"{&quot;background_background&quot;:&quot;classic&quot;}\">\n\t\t\t\t<div class=\"elementor-element elementor-element-1cc6521 elementor-widget elementor-widget-heading\" data-id=\"1cc6521\" data-element_type=\"widget\" data-e-type=\"widget\" data-widget_type=\"heading.default\">\n\t\t\t\t<div class=\"elementor-widget-container\">\n\t\t\t\t\t<h2 class=\"elementor-heading-title elementor-size-default\">RESPONSABLE DEL PROGRAMA EDUCATIVO<\/h2>\t\t\t\t<\/div>\n\t\t\t\t<\/div>\n\t\t\t\t<div class=\"elementor-element elementor-element-a38254b elementor-widget-divider--view-line elementor-widget elementor-widget-divider\" data-id=\"a38254b\" data-element_type=\"widget\" data-e-type=\"widget\" data-widget_type=\"divider.default\">\n\t\t\t\t<div class=\"elementor-widget-container\">\n\t\t\t\t\t\t\t<div class=\"elementor-divider\">\n\t\t\t<span class=\"elementor-divider-separator\">\n\t\t\t\t\t\t<\/span>\n\t\t<\/div>\n\t\t\t\t\t\t<\/div>\n\t\t\t\t<\/div>\n\t\t\t\t<div class=\"elementor-element elementor-element-1312f45 elementor-widget elementor-widget-text-editor\" data-id=\"1312f45\" data-element_type=\"widget\" data-e-type=\"widget\" data-widget_type=\"text-editor.default\">\n\t\t\t\t<div class=\"elementor-widget-container\">\n\t\t\t\t\t\t\t\t\t<p><span style=\"color: #339966; font-size: 10pt;\"><strong>Dr. Jes\u00fas Eduardo Soto Vega<\/strong><\/span><br \/><span style=\"font-size: 10pt;\"><em><span style=\"color: #ffcc00;\"><strong>Responsable del Programa Educativo de\u00a0 Licenciatura en Sistemas Computacionales<\/strong><\/span><\/em><\/span><\/p><p>\u00a0<\/p><p><span style=\"font-size: 10pt;\"><strong><span style=\"color: #339966;\">Email:<\/span> <span style=\"color: #000000;\"><a style=\"color: #000000;\" href=\"mailto:lsc_fim@uabc.edu.mx\">lsc_fim@uabc.edu.mx<\/a><\/span><\/strong><\/span><br \/><span style=\"font-size: 10pt;\"><span style=\"color: #339966;\"><span style=\"color: #339966;\"><span style=\"font-size: 13.3333px;\"><b>Tel\u00e9fono<\/b><\/span><\/span><span style=\"font-size: 10pt; color: #339966;\"><b>:<\/b><\/span><\/span><b style=\"font-size: 10pt;\"> +52 (686) 841-82-35 <\/b><\/span><\/p><p><span style=\"font-size: 10pt;\"><strong><span style=\"color: #339966;\">Ext.<\/span> 44371<\/strong><\/span><\/p>\t\t\t\t\t\t\t\t<\/div>\n\t\t\t\t<\/div>\n\t\t\t\t<\/div>\n\t\t<div class=\"elementor-element elementor-element-a58e6d3 e-con-full e-flex e-con e-child\" data-id=\"a58e6d3\" data-element_type=\"container\" data-e-type=\"container\" data-settings=\"{&quot;background_background&quot;:&quot;classic&quot;}\">\n\t\t\t\t<div class=\"elementor-element elementor-element-7b8d082 elementor-widget elementor-widget-heading\" data-id=\"7b8d082\" data-element_type=\"widget\" data-e-type=\"widget\" data-widget_type=\"heading.default\">\n\t\t\t\t<div class=\"elementor-widget-container\">\n\t\t\t\t\t<h2 class=\"elementor-heading-title elementor-size-default\">ACREDITACIONES<\/h2>\t\t\t\t<\/div>\n\t\t\t\t<\/div>\n\t\t\t\t<div class=\"elementor-element elementor-element-01a103b elementor-widget-divider--view-line elementor-widget elementor-widget-divider\" data-id=\"01a103b\" data-element_type=\"widget\" data-e-type=\"widget\" data-widget_type=\"divider.default\">\n\t\t\t\t<div class=\"elementor-widget-container\">\n\t\t\t\t\t\t\t<div class=\"elementor-divider\">\n\t\t\t<span class=\"elementor-divider-separator\">\n\t\t\t\t\t\t<\/span>\n\t\t<\/div>\n\t\t\t\t\t\t<\/div>\n\t\t\t\t<\/div>\n\t\t\t\t<div class=\"elementor-element elementor-element-3fdd744 elementor-widget__width-initial elementor-widget elementor-widget-image\" data-id=\"3fdd744\" data-element_type=\"widget\" data-e-type=\"widget\" data-widget_type=\"image.default\">\n\t\t\t\t<div class=\"elementor-widget-container\">\n\t\t\t\t\t\t\t\t\t\t\t\t\t\t\t\t<a href=\"https:\/\/ingenieriamxl.uabc.dev\/pelsc\/wp-content\/uploads\/2024\/02\/certificadoconaic.pdf\" target=\"_blank\">\n\t\t\t\t\t\t\t<img decoding=\"async\" src=\"https:\/\/ingenieriamxl.uabc.dev\/pelsc\/wp-content\/uploads\/2024\/02\/logo_conaic-1.jpg\" title=\"\" alt=\"\" loading=\"lazy\" \/>\t\t\t\t\t\t\t\t<\/a>\n\t\t\t\t\t\t\t\t\t\t\t\t\t\t\t<\/div>\n\t\t\t\t<\/div>\n\t\t\t\t<div class=\"elementor-element elementor-element-0cfc7ae elementor-widget elementor-widget-text-editor\" data-id=\"0cfc7ae\" data-element_type=\"widget\" data-e-type=\"widget\" data-widget_type=\"text-editor.default\">\n\t\t\t\t<div class=\"elementor-widget-container\">\n\t\t\t\t\t\t\t\t\t<p><strong><span style=\"font-size: 10pt;\">Consejo Nacional de Acreditaci\u00f3n en Inform\u00e1tica y Computaci\u00f3n, A.C.<\/span><\/strong><\/p>\t\t\t\t\t\t\t\t<\/div>\n\t\t\t\t<\/div>\n\t\t\t\t<\/div>\n\t\t\t\t<\/div>\n\t\t\t\t<\/div>\n\t\t\t\t<\/div>\n\t\t","protected":false},"excerpt":{"rendered":"<p>Noticias de la Facultad de Ingenier\u00eda Facultad de Ingenier\u00eda UABC Mexicali junio 11, 2024 Atenci\u00f3n estudiantes, oportunidad de pr\u00e1cticas profesionales: 4 0 Facultad de Ingenier\u00eda UABC Mexicali junio 6, 2024 Bienal Interdisciplinaria UABC 2024: Conferencia el jueves 13 de junio 10:00-11:00 a.m. 12 0 Facultad de Ingenier\u00eda UABC Mexicali junio 6, 2024 Atenta invitaci\u00f3n: La [&hellip;]<\/p>\n","protected":false},"author":3,"featured_media":0,"parent":0,"menu_order":0,"comment_status":"closed","ping_status":"closed","template":"","meta":{"site-sidebar-layout":"no-sidebar","site-content-layout":"page-builder","ast-site-content-layout":"full-width-container","site-content-style":"default","site-sidebar-style":"default","ast-global-header-display":"","ast-banner-title-visibility":"","ast-main-header-display":"","ast-hfb-above-header-display":"","ast-hfb-below-header-display":"","ast-hfb-mobile-header-display":"","site-post-title":"disabled","ast-breadcrumbs-content":"","ast-featured-img":"disabled","footer-sml-layout":"","ast-disable-related-posts":"","theme-transparent-header-meta":"default","adv-header-id-meta":"","stick-header-meta":"","header-above-stick-meta":"","header-main-stick-meta":"","header-below-stick-meta":"","astra-migrate-meta-layouts":"set","ast-page-background-enabled":"default","ast-page-background-meta":{"desktop":{"background-color":"","background-image":"","background-repeat":"repeat","background-position":"center center","background-size":"auto","background-attachment":"scroll","background-type":"","background-media":"","overlay-type":"","overlay-color":"","overlay-opacity":"","overlay-gradient":""},"tablet":{"background-color":"","background-image":"","background-repeat":"repeat","background-position":"center center","background-size":"auto","background-attachment":"scroll","background-type":"","background-media":"","overlay-type":"","overlay-color":"","overlay-opacity":"","overlay-gradient":""},"mobile":{"background-color":"","background-image":"","background-repeat":"repeat","background-position":"center center","background-size":"auto","background-attachment":"scroll","background-type":"","background-media":"","overlay-type":"","overlay-color":"","overlay-opacity":"","overlay-gradient":""}},"ast-content-background-meta":{"desktop":{"background-color":"var(--ast-global-color-5)","background-image":"","background-repeat":"repeat","background-position":"center center","background-size":"auto","background-attachment":"scroll","background-type":"","background-media":"","overlay-type":"","overlay-color":"","overlay-opacity":"","overlay-gradient":""},"tablet":{"background-color":"var(--ast-global-color-5)","background-image":"","background-repeat":"repeat","background-position":"center center","background-size":"auto","background-attachment":"scroll","background-type":"","background-media":"","overlay-type":"","overlay-color":"","overlay-opacity":"","overlay-gradient":""},"mobile":{"background-color":"var(--ast-global-color-5)","background-image":"","background-repeat":"repeat","background-position":"center center","background-size":"auto","background-attachment":"scroll","background-type":"","background-media":"","overlay-type":"","overlay-color":"","overlay-opacity":"","overlay-gradient":""}},"footnotes":""},"class_list":["post-3406","page","type-page","status-publish","hentry"],"_links":{"self":[{"href":"https:\/\/ingenieriamxl.uabc.dev\/pelsc\/wp-json\/wp\/v2\/pages\/3406","targetHints":{"allow":["GET"]}}],"collection":[{"href":"https:\/\/ingenieriamxl.uabc.dev\/pelsc\/wp-json\/wp\/v2\/pages"}],"about":[{"href":"https:\/\/ingenieriamxl.uabc.dev\/pelsc\/wp-json\/wp\/v2\/types\/page"}],"author":[{"embeddable":true,"href":"https:\/\/ingenieriamxl.uabc.dev\/pelsc\/wp-json\/wp\/v2\/users\/3"}],"replies":[{"embeddable":true,"href":"https:\/\/ingenieriamxl.uabc.dev\/pelsc\/wp-json\/wp\/v2\/comments?post=3406"}],"version-history":[{"count":111,"href":"https:\/\/ingenieriamxl.uabc.dev\/pelsc\/wp-json\/wp\/v2\/pages\/3406\/revisions"}],"predecessor-version":[{"id":5404,"href":"https:\/\/ingenieriamxl.uabc.dev\/pelsc\/wp-json\/wp\/v2\/pages\/3406\/revisions\/5404"}],"wp:attachment":[{"href":"https:\/\/ingenieriamxl.uabc.dev\/pelsc\/wp-json\/wp\/v2\/media?parent=3406"}],"curies":[{"name":"wp","href":"https:\/\/api.w.org\/{rel}","templated":true}]}}